late the highest common divisor of 11 and d.
11
Let x = -8 - -14. Let c be 1 + (-4)/x*-9. Let f(g) = -17*g - 152. Let o be f(-11). What is the greatest common divisor of c and o?
7
Let m = -152 - -137. Let n be -4*(m/4)/(3/2). Let a = -132 + 212. What is the greatest common factor of n and a?
10
Suppose 5*t + 2*l = 47 + 126, l = -t + 34. Calculate the highest common factor of 112 and t.
7
Suppose -11*a + 6*a + 552 = 4*c, -3*c - 454 = -4*a. Suppose 4*b - 1 - 75 = -3*q, 72 = 5*b - 2*q. Calculate the highest common divisor of a and b.
16
Let k(o) = 3*o**3 - 4*o. Let p(q) = q**3 - q. Let d(t) = k(t) - 4*p(t). Let s be d(2). Let m = s + 22. What is the highest common factor of 7 and m?
7
Suppose 0 = -12*j + 7*j + 50. Let i = j - 10. Suppose -6*y + y + 1155 = i. What is the greatest common factor of 21 and y?
21
Let u = 22 + -20. Suppose -r - 2*v = -6 - 1, u*r - 5*v = -13. Let c be (r*-8)/(15 - 17). What is the highest common factor of c and 10?
2
Let u be (14*-5)/(3 - 16/4). Let d = 109 - u. Suppose 26 = -2*l + 3*l. What is the highest common factor of d and l?
13
Suppose 135 = 4*s + s. Suppose -2*b = -b - s. Suppose 10*j - 2646 = -4*j. Calculate the greatest common divisor of b and j.
27
Suppose 5*j = 0, 2*q - 3*j + 2*j + 76 = 0. Let g = 43 + q. What is the highest common factor of 5 and g?
5
Suppose -9 = -2*f - 13, -4*a - 4*f = -12. What is the greatest common divisor of 35 and a?
5
Let j(h) = 16*h + 52. Let g be j(-2). Suppose -3*a = 3 - 18. What is the greatest common divisor of a and g?
5
Let u be 102 - (0 + (-8)/4). Let l(h) = 2*h**3 - h**2 + 1. Let r be l(2). Calculate the highest common divisor of u and r.
13
Let d = 0 - -44. Calculate the greatest common factor of 33 and d.
11
Let g(o) = -o**3 - 13*o**2 - 13*o - 12. Let y be g(-12). Suppose 2*d - 3*q - 19 = y, -4*q = 3*d - 0*d - 71. What is the greatest common factor of d and 238?
17
Let k be (-15123)/(-18) + (-18)/108. Calculate the greatest common factor of 36 and k.
12
Let f be (-4)/(-2)*(-4 - 68)/(-2). Suppose 4*w + 4*y - f = 0, w - 2 = 2*y + 22. What is the highest common divisor of w and 160?
20
Suppose -l + 4*y - 20 = 0, 4*y = 2*l + 53 - 9. Let i = l + 50. What is the greatest common factor of i and 156?
26
Suppose 4*u - 1442 = 2*i, -3*i + 338 = u - 8*i. What is the highest common divisor of 121 and u?
121
Let k be ((-1)/3)/(2/(-348)). Let x(u) = 47*u**2 - 15 - 22*u**2 - 26*u**2 - 15*u. Let r be x(-11). Calculate the highest common factor of r and k.
29
Suppose 2*g - 1106 + 356 = -4*p, 2*p - 369 = -3*g. Calculate the greatest common divisor of 84 and p.
21
Let t(f) be the third derivative of 1/24*f**4 + 0 + 10/3*f**3 + 4*f**2 + 0*f. Let c be t(-12). Calculate the greatest common factor of 4 and c.
4
Let w(d) = d**3 + 6*d**2 - 30*d. Let f be w(-9). Calculate the greatest common divisor of 135 and f.
27
Let l(i) = 9*i**2 + 2*i + 17. Let h be l(4). What is the greatest common divisor of h and 13?
13
Let v = 1 - -5. Suppose 4*x - 3 = r - 499, 2*x - 5*r + 230 = 0. Let o = 155 + x. What is the highest common divisor of v and o?
6
Suppose k - 181 = -52. Suppose -h - 4*p = -21, 5*h + p - 5*p = k. Let i = h + 10. Calculate the highest common factor of i and 5.
5
Let y(u) = -u**2 + 8*u + 4. Suppose -24 = 3*l - 6*l. Let i be y(l). What is the highest common divisor of 4 and i?
4
Let n(c) = -10*c + 62. Let d be n(0). Calculate the highest common factor of 62 and d.
62
Let y be (-1)/(3 - 880/292) - 5. Calculate the highest common divisor of y and 238.
34
Let m be (54/(-8))/(30/(-160)). Suppose -24 - m = -3*y. Calculate the greatest common divisor of 50 and y.
10
Let h = -100 + 103. Calculate the highest common divisor of 11 and h.
1
Let u(d) = -d**3 - 33*d**2 + 32*d - 35. Let z be u(-34). What is the highest common factor of 3 and z?
3
Suppose -4*w = 20 - 92. Let j be (-4 - -7) + (-7)/((-14)/30). Calculate the highest common factor of w and j.
18
Let l = 245 - -30. Let i = 731 + -706. What is the highest common divisor of l and i?
25
Suppose 0 = 26*i - 394 - 672. What is the highest common factor of i and 41?
41
Let n(j) = j**2 - 7*j + 22. Let b be n(14). Calculate the greatest common factor of 90 and b.
30
Let c = -646 + 800. Calculate the highest common factor of 28 and c.
14
Let y be (3 - 4)/((-6)/3000). Calculate the greatest common factor of y and 4.
4
Suppose s - 4 - 22 = 4*k, 4*s = k + 119. What is the highest common factor of s and 310?
10
Let n(c) = -10*c + 4. Let a be n(-2). Let y be ((-2)/(-6))/(2/a). Calculate the highest common factor of y and 1.
1
Let j be 19/(-3)*27/(-9). Suppose -l + 4*n + 119 = -n, -2*n = 2. Let c be 0/2 - l/(-6). Calculate the greatest common factor of c and j.
19
Let x be (-3560)/(-18) + (-4)/(-18). Let g(k) = -k**2 - 44*k - 173. Let v be g(-39). What is the greatest common divisor of x and v?
22
Let n = 16 - 13. Suppose -v = -n, -t - t - 4*v = -16. Let o be (-12)/(2/t*-1). Calculate the greatest common factor of 72 and o.
12
Let m = 805 + -95. What is the highest common divisor of 10 and m?
10
Let h(x) = 14 - 3*x - 3*x**2 - 8*x + 2*x**2. Let o be h(-12). Suppose 3*d + w = 62, 3*d + o*d - 2*w = 96. What is the greatest common factor of d and 160?
20
Let y be 76/6 + (-252)/(-189). Calculate the highest common factor of y and 105.
7
Let o be (1 + 2)/(15/(-70)). Let c = o - -25. Suppose -3*m - 176 = -5*m. Calculate the highest common factor of m and c.
11
Suppose 3*s - 83 = s - c, -c + 3 = 0. Suppose -16*o - s = -17*o. Suppose -q - 24 = -4*q. What is the highest common divisor of o and q?
8
Let h(p) = 21*p - 7. Let q(a) = 22*a - 6. Let m(f) = 5*h(f) - 6*q(f). Let n be m(-2). What is the highest common divisor of 22 and n?
11
Let j(f) = -3*f + 9. Let z be j(2). Suppose r - 32 - 12 = -z*s, 0 = 5*s + 5*r - 60. Calculate the greatest common divisor of s and 40.
8
Let x(p) = 15*p + 125. Let h be x(5). What is the greatest common divisor of h and 40?
40
Suppose -34 = -56*b + 39*b. What is the greatest common divisor of b and 34?
2
Let f(c) = -4*c + 1. Let x be f(-1). Suppose u = 2*l - 0*u + 5, -x = 5*l + 5*u. Let v be l/(-4) + (-8)/(-16). What is the highest common divisor of v and 7?
1
Suppose 5*v - 3*h = 525, -2*v + 0*v - 5*h + 179 = 0. Let r = v + 3. What is the greatest common factor of 42 and r?
21
Let x = 2 - -110. Suppose 5872 = -52*y + 419*y. Calculate the greatest common factor of y and x.
16
Let i(q) = -135*q + 216. Let z be i(-10). Calculate the highest common factor of z and 54.
54
Let s = -238 + 259. Suppose 42 = 2*i - 5*p - 0*p, 0 = 4*i + 2*p - 84. What is the highest common factor of s and i?
21
Suppose 2*u + 383 = 2*l - 203, -1450 = -5*l + 2*u. Calculate the greatest common factor of l and 32.
32
Let q = 88 - 94. Let p(j) = -j**3 - 3*j**2 + 15*j + 14. Let c be p(q). What is the greatest common divisor of 80 and c?
16
Suppose -39*u + 45*u - 7650 = 0. What is the highest common divisor of u and 25?
25
Let l = -398 - -1751. Calculate the greatest common divisor of l and 33.
33
Let f(r) = -r**3 - 7*r**2 + 6*r + 3. Suppose 4*d + 22 = -10. Let h be f(d). Let j be (2/((-2)/(-171)))/1. Calculate the highest common factor of h and j.
19
Let h = -591 + 594. Calculate the highest common factor of 75 and h.
3
Let q(h) = 12*h**2 - 4*h - 11*h**2 - 7 + 3. Let a = -17 + 24. Let j be q(a). What is the highest common divisor of j and 153?
17
Suppose -i + 3*i - 41 = u, -u = -5*i + 53. Let y = u - -64. Let t = 13 + y. Calculate the greatest common divisor of t and 66.
22
Suppose 3*s - 67 = 194. Let k(n) = -n**3 + 7*n**2 + 13*n - 11. Let a be k(8). What is the greatest common divisor of a and s?
29
Let t(l) = l**3 + 8*l**2 + 16*l + 49. Let h be t(-5). Calculate the highest common divisor of h and 484.
44
Suppose 0 = -24*f - f + 775. Calculate the greatest common divisor of 31 and f.
31
Suppose -24*s = -1378 + 10. What is the greatest common divisor of s and 45?
3
Let c = 159 + -95. Let l(i) = -2*i**3 + 12*i**2 + 8*i - i**3 - 7*i**3 - 17 + 11*i**3. Let n be l(-11). Calculate the highest common divisor of n and c.
16
Let q(l) = -l**3 + 23*l + 13*l**2 + 3*l**2 + 32 - 28 + 2*l**2. Let p be q(19). Suppose 3*f + f - 64 = 0. Calculate the highest common divisor of f and p.
16
Let k(v) = 24*v**3 - v**2 - v - 1. Let x be k(-2). Let n be (6/(-5))/((-3)/x). Let o be -1 + (5 + -2 